e highest common factor of 16 and v?
4
Let o(z) = z**3 + 8*z**2 + 7*z - 3. Let f be o(-7). Let i(y) = y**3 + 4*y**2 - 4. Let a be i(f). Let h = -1 + a. What is the greatest common factor of 16 and h?
4
Suppose 3*h - l = 2*l + 33, -4*h + 19 = l. Suppose -4*c = -3*c + 10. Let i = c - -28. What is the greatest common factor of i and h?
6
Let x be -4 - (2 - (2 + 6)). Calculate the highest common factor of 16 and x.
2
Let q be 2 + (-3 - -3 - -1). Suppose q + 5 = t. Calculate the greatest common factor of 4 and t.
4
Let s = 87 + -77. Calculate the highest common divisor of 25 and s.
5
Let c(o) = 9*o + 7*o + 30 - o**2 - 17*o. Let j be c(0). Calculate the highest common divisor of 10 and j.
10
Suppose 8*q - 4*q = 0. Suppose q = k - 6*k - 5*x + 35, -4*k = 3*x - 31. What is the highest common factor of k and 40?
10
Let z(t) = t**2 + 48. Let v be z(0). What is the highest common divisor of v and 32?
16
Let p be (0 + 24/15)*50. Suppose p = 3*f + 2*f. Let l be 868/6 + (-4)/6. Calculate the highest common factor of l and f.
16
Let t be (-121)/(-3) + 2/(-6). Calculate the highest common factor of t and 15.
5
Suppose 0 = -s - 4 + 43. Suppose h = y - 9 - 4, 3*y = h + s. Calculate the greatest common divisor of 13 and y.
13
Suppose -229 = -2*p + 13. What is the highest common divisor of p and 11?
11
Suppose 3*l + 3*w - 20 = 19, 3*l + 5*w - 47 = 0. Let u = 1 + l. Let r be 60/18*48/u. What is the highest common factor of r and 112?
16
Let d(s) = -s**3 + 8*s**2 + 8*s + 9. Let q be d(9). Let h be (-14)/(-8) - 1/(-4). Suppose c = -q + h. What is the greatest common divisor of c and 2?
2
Let z = 4 - 2. Let p be (-2 - -29)*4/6. Calculate the greatest common divisor of z and p.
2
Let k = 31 - -16. Suppose 3*b = 3*a + 40 + 47, -3*b = 5*a - k. Calculate the highest common divisor of b and 168.
24
Let y be (-2)/6 - 2/(-6). Suppose 0 = -5*n - 3 - 2, y = h - n + 10. Let o = h - -17. What is the greatest common divisor of o and 24?
6
Suppose o + 3*a = 129, -7*o = -3*o + 5*a - 523. Let m = 3 + -3. Let j be (2/(-1) - -14) + m. What is the highest common divisor of j and o?
12
Let o = -51 - -55. Calculate the highest common factor of 36 and o.
4
Suppose -r + 3*y = 2*y - 9, y = 1. Suppose n = 5*m + r, n - m = -1 + 11. Calculate the highest common factor of 70 and n.
10
Let v be (2/(-5))/(2120/425 + -5). Calculate the highest common factor of 51 and v.
17
Let r(w) = -w + 8. Let d be r(-6). Let q = d - 5. Let g be (1 + -163)/(4 - 6). What is the greatest common factor of q and g?
9
Suppose -4*g - 12 = -3*f - f, 4*f - 2*g - 16 = 0. Suppose -3*b - 4*s + 66 = -b, -3*s - 100 = -f*b. What is the greatest common divisor of 46 and b?
23
Suppose 118 + 242 = 5*y. Calculate the highest common factor of 9 and y.
9
Let i(z) = -z - 2. Let s be i(-5). Let c = 14 + s. What is the highest common divisor of 34 and c?
17
Suppose -2*b + 45 = 3*b. Let o(g) = g. Let l be o(0). Suppose -4*y - 4*d - 1 - 3 = l, 17 = 3*y - 2*d. Calculate the greatest common divisor of y and b.
3
Suppose -2*r + 120 = 3*r. Let t(q) = 229*q**3 - q. Let k be t(1). Let m = k - 108. Calculate the greatest common divisor of m and r.
24
Suppose 50 = 4*a - 66. Let o = 49 - a. Suppose -4*m + 68 = o. What is the highest common divisor of 120 and m?
12
Suppose -r - 5 + 1 = 0. Let q be (-2)/r - 118/(-4). Calculate the greatest common factor of q and 45.
15
Let h be ((-18)/(-15))/(4/40). What is the highest common divisor of 12 and h?
12
Let w = 13 - 6. Let q = 26 - w. What is the greatest common factor of 19 and q?
19
Let q be 19 + (-1 - -1 - 1). Let v = 632 + -578. Calculate the highest common factor of q and v.
18
Let d = 21 + -48. Let a = -19 - d. Calculate the highest common divisor of 64 and a.
8
Suppose 3*s = 7*s - 880. Calculate the highest common factor of 10 and s.
10
Suppose 2*d - 32 = -3*p - p, -5*d = -3*p - 2. Let f be (8/12)/((-4)/p). Let r be (-4)/(f - 15/(-18)). Calculate the highest common factor of r and 3.
3
Let j = -4 + 16. Let b(v) = v**2 - 5*v + 6. Let i be b(5). Suppose 0 = 2*c - i, 2*q + 2*c - 183 = -3*c. What is the highest common factor of j and q?
12
Suppose -6*p - 27 = -255. Calculate the greatest common divisor of 19 and p.
19
Let s = 69 + -41. Suppose d + 3*d + 52 = 0. Let w = s + d. What is the highest common divisor of 5 and w?
5
Let c = 71 + -39. Let m = -43 + 107. What is the highest common divisor of m and c?
32
Let l be ((-4)/16*0)/2. Suppose -4*s = -12, -4*b + 2*s - 6*s + 72 = l. Calculate the greatest common factor of 75 and b.
15
Let t = 60 + -36. Let u = -8 + t. Calculate the greatest common divisor of 176 and u.
16
Let c(n) = n**3 + 5*n**2 - 8*n. Let q be c(-6). Let f be ((-208)/q)/(2/(-6)). What is the highest common factor of f and 13?
13
Let o be (5/3)/(6/180). Calculate the greatest common factor of o and 10.
10
Let h be 6/(93/(-96) - -1). Suppose 3*g + g + h = t, 0 = 4*g. Suppose l = 5*l - t. What is the highest common factor of l and 16?
16
Let d(i) = -i**3 + 3*i**2 + 6*i - 5. Let t be d(4). Suppose 3*r + 369 = 4*p - 191, -t*p - 5*r = -420. Calculate the highest common divisor of 20 and p.
20
Suppose 560 = 22*k - 14*k. Calculate the greatest common divisor of 28 and k.
14
Let q(u) = u**2 + 3*u - 1. Let n be q(2). Calculate the highest common divisor of n and 27.
9
Let k = -52 - -92. Let s(w) = 2*w + 17. Let i be s(-7). Suppose 0 = i*y - 28 - 2. What is the highest common factor of k and y?
10
Suppose -x = -3*b - 13, -3*b = 4*x - 6*b - 70. Suppose -3*c + x = -11. What is the highest common divisor of 90 and c?
10
Let r = 8 - 7. Let z = 15 - r. Calculate the greatest common divisor of z and 126.
14
Let i(m) = m - 2. Let q be i(-2). Let t be 2/4*(6 - q). Calculate the highest common divisor of 40 and t.
5
Suppose -2*o = 3*o - 120. Let p be ((-16)/6)/((-1)/3). What is the highest common factor of o and p?
8
Suppose -2*p = 2*r, r + 1 = -4*p - 5. Suppose 8 = r*h - 2. Calculate the highest common divisor of 20 and h.
5
Let g = 3 + -3. Let p be (0 + g)*(-3)/(-6). Suppose 4*s - 11 = -4*v + v, p = v + 2*s - 5. What is the greatest common factor of 5 and v?
1
Let v be ((-168)/48)/(1/(-2)). Calculate the greatest common factor of v and 1.
1
Let c = 21 - -34. Calculate the greatest common factor of c and 11.
11
Let u be 5/1 + (-2 - 1). What is the greatest common factor of 2 and u?
2
Suppose 2*a - 4*a - 208 = 0. Suppose -4*f = -14 - 10. Let y be (12/(-8))/(f/a). Calculate the highest common divisor of 39 and y.
13
Suppose 3*m + m - 2*r = 130, 3*m - 2*r = 98. What is the greatest common factor of m and 16?
16
Suppose c - 2 + 0 = 3*x, -5*c + 28 = 3*x. Suppose 3*h + 0 = 3. What is the greatest common divisor of h and c?
1
Let q(p) = p**2 - 6*p + 18. Let l be q(6). Calculate the greatest common divisor of l and 144.
18
Suppose -108 = -4*b + b. Suppose 2*n - 3*n - 1 = 0. Let f(c) = -3*c**3 + 2*c**2 + c. Let l be f(n). What is the highest common divisor of l and b?
4
Let j be (-5)/(-3)*(-15)/(-5). Suppose 0 = j*d + 2 - 52. Calculate the highest common divisor of 10 and d.
10
Let w = 24 + -10. What is the highest common divisor of w and 126?
14
Suppose 5*b - 18 = 3*b. Let a(k) = 3*k**2. Let f be a(1). Suppose 0 = -2*x + 3 + f. Calculate the highest common divisor of x and b.
3
Let q(r) = -2*r**3 - 7*r**2 + 11*r + 7. Let y be q(-6). What is the greatest common divisor of 11 and y?
11
Suppose 2*f + f - 28 = -2*o, 5*f - 28 = -2*o. Suppose 2*m = 2*y - 12, -2*m = 3*y - 0 + 2. Calculate the highest common factor of y and o.
2
Let o(v) be the second derivative of -v**3/3 + v**2 + v. Let z be o(-6). Calculate the greatest common divisor of 14 and z.
14
Let v = -105 + 267. What is the highest common divisor of v and 18?
18
Let x be (-8)/(-28) + (-208)/(-7). What is the highest common divisor of x and 75?
15
Suppose -5 = 3*t - 4*t. Suppose 3*m - t*m = -10. Suppose -x + 3*n = -6, 4*x = -5*n + 29 + 46. What is the greatest common factor of x and m?
5
Suppose -t + 5*v - 13 = 0, -4*t + 35 = -2*v - 3. Calculate the highest common divisor of 30 and t.
6
Let f(j) = 3*j + 3. Let o be f(-3). Let a be (-18)/(((-16)/o)/(-4)). Calculate the greatest common factor of 54 and a.
27
Suppose -8 + 0 = 2*l. Let u be ((-575)/10)/(2/l). What is the highest common divisor of u and 46?
23
Let k(q) = 2*q**2 - 14*q + 34. Let g be k(8). Ca